at is the units digit of 487761662?
2
What is the hundred millions digit of 807964474?
8
What is the ten millions digit of 308897004?
0
What is the ten millions digit of 1699342946?
9
What is the hundred thousands digit of 1773373975?
3
What is the thousands digit of 311794444?
4
What is the hundred thousands digit of 113253843?
2
What is the tens digit of 5743645?
4
What is the hundreds digit of 23102671?
6
What is the hundred thousands digit of 143171777?
1
What is the hundreds digit of 630511442?
4
What is the millions digit of 636317510?
6
What is the ten thousands digit of 9095374684?
7
What is the hundreds digit of 34031520?
5
What is the units digit of 166120188?
8
What is the hundred thousands digit of 51509992?
5
What is the units digit of 2656258832?
2
What is the tens digit of 28194773?
7
What is the hundred thousands digit of 178334572?
3
What is the thousands digit of 3276935988?
5
What is the hundred millions digit of 317413759?
3
What is the millions digit of 12463797?
2
What is the ten millions digit of 21374604?
2
What is the hundreds digit of 1170362184?
1
What is the hundred thousands digit of 537733620?
7
What is the units digit of 201508615?
5
What is the millions digit of 256231628?
6
What is the thousands digit of 460731579?
1
What is the hundreds digit of 3394432155?
1
What is the hundred thousands digit of 689107289?
1
What is the tens digit of 44218698?
9
What is the hundred thousands digit of 350612137?
6
What is the hundreds digit of 3608477144?
1
What is the millions digit of 459970703?
9
What is the ten millions digit of 219899858?
1
What is the thousands digit of 325548192?
8
What is the hundred thousands digit of 1530667586?
6
What is the ten thousands digit of 293706132?
0
What is the units digit of 177243593?
3
What is the thousands digit of 109337986?
7
What is the billions digit of 1187694575?
1
What is the units digit of 40481515?
5
What is the ten millions digit of 1715902640?
1
What is the hundred millions digit of 109874082?
1
What is the hundred millions digit of 1388186974?
3
What is the hundreds digit of 39338216?
2
What is the ten thousands digit of 805024752?
2
What is the tens digit of 147185220?
2
What is the hundred thousands digit of 734041773?
0
What is the hundreds digit of 932433932?
9
What is the ten millions digit of 421670438?
2
What is the tens digit of 8106283?
8
What is the ten thousands digit of 160030115?
3
What is the millions digit of 3610431519?
0
What is the hundreds digit of 194662913?
9
What is the thousands digit of 5564971?
4
What is the ten thousands digit of 946727805?
2
What is the hundreds digit of 34995568?
5
What is the hundred thousands digit of 301566069?
5
What is the tens digit of 1767179997?
9
What is the hundreds digit of 2059931067?
0
What is the billions digit of 1088330901?
1
What is the thousands digit of 351293137?
3
What is the millions digit of 9435469?
9
What is the ten thousands digit of 391838247?
3
What is the hundred thousands digit of 473356660?
3
What is the tens digit of 5572449?
4
What is the hundred millions digit of 3817232491?
8
What is the units digit of 2160031572?
2
What is the ten millions digit of 1268912335?
6
What is the thousands digit of 15049621?
9
What is the millions digit of 275995557?
5
What is the units digit of 57034475?
5
What is the hundreds digit of 66889924?
9
What is the ten thousands digit of 133061264?
6
What is the units digit of 529127407?
7
What is the ten millions digit of 4903697612?
0
What is the ten millions digit of 8670652081?
7
What is the hundreds digit of 45148693?
6
What is the ten millions digit of 245861856?
4
What is the units digit of 291188227?
7
What is the hundreds digit of 6349921393?
3
What is the hundred thousands digit of 1470079838?
0
What is the tens digit of 20984272?
7
What is the thousands digit of 73447072?
7
What is the millions digit of 4326198110?
6
What is the tens digit of 303267736?
3
What is the hundred thousands digit of 198812429?
8
What is the millions digit of 176982193?
6
What is the ten millions digit of 34336901?
3
What is the ten millions digit of 42776539?
4
What is the thousands digit of 391774566?
4
What is the units digit of 782735341?
1
What is the tens digit of 32919718?
1
What is the thousands digit of 980151266?
1
What is the hundred thousands digit of 4892662623?
6
What is the ten millions digit of 8044757869?
4
What is the hundred millions digit of 2576443521?
5
What is the millions digit of 567496151?
7
What is the tens digit of 140243443?
4
What is the hundred thousands digit of 38514192?
5
What is the hundred thousands digit of 67139105?
1
What is the thousands digit of 2353874104?
4
What is the units digit of 380783368?
8
What is the hundred thousands digit of 493344423?
3
What is the hundreds digit of 58765528?
5
What is the billions digit of 1320725164?
1
What is the tens digit of 44385348?
4
What is the hundreds digit of 16657817?
8
What is the millions digit of 149727238?
9
What is the millions digit of 6175262?
6
What is the hundreds digit of 36090934?
9
What is the ten thousands digit of 34279907?
7
What is the hundred thousands digit of 739417219?
4
What is the hundred thousands digit of 287135868?
1
What is the tens digit of 44035948?
4
What is the ten thousands digit of 349081410?
8
What is the billions digit of 3714698925?
3
What is the ten millions digit of 24902509?
2
What is the ten millions digit of 244926556?
4
What is the tens digit of 241727830?
3
What is the millions digit of 14348597?
4
What is the ten thousands digit of 645810011?
1
What is the ten millions digit of 115590797?
1
What is the millions digit of 1057982977?
7
What is the billions digit of 3538948526?
3
What is the hundreds digit of 739034089?
0
What is the hundred thousands digit of 1476518967?
5
What is the ten millions digit of 11940416?
1
What is the hundred millions digit of 835826321?
8
What is the hundreds digit of 31834385?
3
What is the hundred millions digit of 808360903?
8
What is the hundreds digit of 2414377986?
9
What is the hundred millions digit of 477993327?
4
What is the hundred millions digit of 1361567499?
3
What is the millions digit of 868385002?
8
What is the units digit of 6919628815?
5
What is the millions digit of 878188363?
8
What is the millions digit of 546405147?
6
What is the ten millions digit of 94237128?
9
What is the ten thousands digit of 117828782?
2
What is the hundreds digit of 2290079531?
5
What is the hundred thousands digit of 1934257515?
2
What is the millions digit of 38787623?
8
What is the hundreds digit of 929108752?
7
What is the thousands digit of 574446968?
6
What is the ten millions digit of 386825723?
8
What is the units digit of 1299290997?
7
What is the hundreds digit of 822909165?
1
What is the hundreds digit of 571451898?
8
What is the ten millions digit of 140384595?
4
What is the thousands digit of 1545122923?
2
What is the ten thousands digit of 8497779?
9
What is the thousands digit of 2729937869?
7
What is the hundred millions digit of 2535527494?
5
What is the ten millions digit of 89435042?
8
What is the millions digit of 3154900566?
4
What is the hundreds digit of 18453236?
2
What is the ten thousands digit of 92002210?
0
What is the ten thousands digit of 54079620?
7
What is the ten thousands digit of 19479923?
7
What is the hundred thousands digit of 27973281?
9
What is the ten thousands digit of 140045370?
4
What is the ten millions digit of 811074289?
1
What is the millions digit of 1392024341?
2
What is the hundreds digit of 136639285?
2
What is the ten millions digit of 50901185?
5
What is the units digit of 42737340?
0
What is the ten millions digit of 424579713?
2
What is the thousands digit of 137051174?
1
What is the millions digit of 22019262?
2
What is the ten millions digit of 33829209?
3
What is the hundreds digit of 509558696?
6
What is the hundred thousands digit of 164543206?
5
What is the millions digit of 833944530?
3
What is the units digit of 47420806?
6
What is the ten thousands digit of 874940983?
4
What is the ten thousands digit of 54814330?
1
What is the millions digit of 79696010?
9
What is the ten millions digit of 2890587371?
9
What is the millions digit of 588737866?
8
What is the units 